{"id":2241,"date":"2021-03-02T09:12:26","date_gmt":"2021-03-02T08:12:26","guid":{"rendered":"https:\/\/vkjc.bknezmar.cz\/?page_id=2241"},"modified":"2021-03-31T12:48:16","modified_gmt":"2021-03-31T10:48:16","slug":"rocnik-2021","status":"publish","type":"page","link":"https:\/\/vkjc.bknezmar.cz\/?page_id=2241","title":{"rendered":"Ro\u010dn\u00edk 2021"},"content":{"rendered":"\n<h2>Z\u00e1kladn\u00ed informace<\/h2>\n\n\n\n<p>Vrcha\u0159skou korunu Ji\u017en\u00edch \u010cech 2021 z\u00edsk\u00e1 ka\u017ed\u00fd biker, kter\u00fd zdol\u00e1 v obdob\u00ed od 1. dubna do 30. listopadu v\u0161ech 20 p\u0159edepsan\u00fdch vrchol\u016f. Jako d\u016fkaz je t\u0159eba se na ka\u017ed\u00e9m vrcholu vyfotit, ide\u00e1ln\u011b s kolem, a pak poslat v\u0161ech 20 fotografi\u00ed na emailovou adresu vkjc@bknezmar.cz. O po\u0159ad\u00ed bude rozhodovat datum odesl\u00e1n\u00ed fotografi\u00ed.<\/p>\n\n\n\n<p>Pro ro\u010dn\u00edk 2021 jsme p\u0159ipravili dv\u011b kategorie. Ka\u017ed\u00e1 kategorie se bude hodnotit samostatn\u011b a ka\u017ed\u00e1 kategorie bude m\u00edt 20 vrchol\u016f ke zdol\u00e1n\u00ed.<\/p>\n\n\n\n<p>V ro\u010dn\u00edku 2021 vyzkou\u0161\u00edme jednu novinku. Fotky, dokl\u00e1daj\u00edc\u00ed zdol\u00e1n\u00ed vrchol\u016f, n\u00e1m m\u016f\u017eete pos\u00edlat pr\u016fb\u011b\u017en\u011b. Na webu VKJ\u010c bude um\u00edst\u011bna tabulka, kde budeme jednotliv\u00fdm bajker\u016fm zaznamen\u00e1vat pr\u016fb\u011b\u017en\u011b zdolan\u00e9 vrcholy. Bude zaj\u00edmav\u00e9 sledovat, jak si jednotliv\u00ed kandid\u00e1ti vedou. A t\u0159eba to i n\u011bkoho bude v\u00edc motivovat k\u00a0dokon\u010den\u00ed cel\u00e9 VKJ\u010c.<\/p>\n\n\n\n<p>Na webu Vrcha\u0159sk\u00e9 koruny ji\u017en\u00edch \u010cech jsou o vrcholech uvedeny z\u00e1kladn\u00ed informace. Pro dal\u0161\u00ed informace a hlavn\u011b dostupnost informaci p\u0159\u00edmo v ter\u00e9nu doporu\u010dujeme <strong>mobiln\u00ed aplikaci VRCHA\u0158SK\u00c1 KORUNA<\/strong> ke sta\u017een\u00ed zdarma pro android i apple.<\/p>\n\n\n\n<p>P\u0159\u00edmo v ter\u00e9nu si m\u016f\u017eete zobrazit&nbsp;p\u0159ehled kategori\u00ed, vrcholy jednotliv\u00fdch kategori\u00ed a to v\u010detn\u011b dal\u0161\u00edch \u00fadaj\u016f \u2013 fotka vrcholu, sou\u0159adnice, n\u00e1vrh trasy, zaj\u00edmavosti \u2026. <\/p>\n\n\n\n<p>Vrcholy jsou v mobiln\u00ed aplikaci podle sv\u00fdch GPS sou\u0159adnic rovn\u011b\u017e zakresleny v map\u011b a po kliknut\u00ed na n\u011b&nbsp;se zobraz\u00ed podrobn\u00e9 informace. Velk\u00fdm pomocn\u00edkem p\u0159i dohled\u00e1v\u00e1n\u00ed vrcholu je zobrazen\u00ed mapy, kde vid\u00edte vrchol, kter\u00fd hled\u00e1te, i svoji polohu.<\/p>\n\n\n\n<h2>Kategorie V\u00ddKON<\/h2>\n\n\n\n<p>V minulosti byly vrcholy VKJ\u010c z\u00e1m\u011brn\u011b rozesety po cel\u00e9m kraji. \u00da\u010dastn\u00edk VKJ\u010c tak objel cel\u00fd \u0161ir\u00fd kraj, poznal v\u0161echna z\u00e1kout\u00ed Ji\u017en\u00edch \u010cech. Samoz\u0159ejm\u011b t\u00edm byla VKJ\u010c extr\u00e9mn\u011b n\u00e1ro\u010dn\u00e1. \u00da\u010dastn\u00edci naj\u00ed\u017ed\u011bli i 1500 km.<\/p>\n\n\n\n<p>Pro leto\u0161n\u00ed ro\u010dn\u00edk jsme zvolili novou strategii. Vrcholy jsme shlukli do n\u011bkolika oblast\u00ed. Pro leto\u0161ek je to:<\/p>\n\n\n\n<ul><li>\u0160umava &#8211; od Chur\u00e1\u0148ova po \u010cesk\u00e9 \u017dleby &#8211; nejz\u00e1padn\u011bj\u0161\u00ed \u010d\u00e1st Jiho\u010desk\u00e9ho kraje<\/li><li>Blansk\u00fd les &#8211; podkova vrchol\u016f kolem K\u0159eme\u017esk\u00e9ho potoka, r\u00e1j Bud\u011bjck\u00fdch bajker\u016f<\/li><li>Novohradsk\u00e9 hory &#8211; odlehl\u00e9 hory, kde se je\u0161t\u011b po\u0159\u00e1d m\u016f\u017eete c\u00edtit ztracen\u011b<\/li><li>\u010cesk\u00e1 Kanada &#8211; okol\u00ed Land\u0161tejna, Slavonic, Da\u010dic &#8211; nejv\u00fdchodn\u011bj\u0161\u00ed \u010d\u00e1st Jiho\u010desk\u00e9ho kraje<\/li><\/ul>\n\n\n\n<p>V t\u011bchto oblastech jsou vrcholy um\u00edst\u011bny tak, \u017ee je lze objet b\u011bhem jednoho dne &#8211; pro usnadn\u011bn\u00ed zve\u0159ejn\u00edme doporu\u010den\u00e9 trasy. V ka\u017ed\u00e9 oblasti je ale samoz\u0159ejm\u011b mnoho dal\u0161\u00edch m\u00edst, kter\u00e1 stoj\u00ed za n\u00e1v\u0161t\u011bvu.  Ide\u00e1ln\u00ed je tedy v ka\u017ed\u00e9 oblasti pob\u00fdt alespo\u0148 v\u00edkend a \u0159\u00e1dn\u011b ji prozkoumat. Smyslem VKJ\u010c nen\u00ed objet ji celou za 4 dny, i kdy\u017e to tak lze :).<\/p>\n\n\n\n<p>Kategorie V\u00ddKON je hlavn\u00ed kategorie Vrcha\u0159sk\u00fdch korun.<\/p>\n\n\n\n<h2>Kategorie OKOLO KOM\u00cdNA<\/h2>\n\n\n\n<p>Jiho\u010desk\u00fd kraj, jeho\u017e hranicemi jsou vrcholy VKJ\u010c ohrani\u010deny, je velmi rozs\u00e1hl\u00fd. Ka\u017ed\u00fd nem\u00e1 \u010das a chu\u0165 zaj\u00ed\u017ed\u011bt do vzd\u00e1len\u00fdch kout\u016f kraje. Nav\u00edc se to \u010dasto neobejde bez pomoci vlaku nebo auta. Proto jsme p\u0159ipravili kategorii KOLEM KOM\u00cdNA. Je ur\u010dena t\u011bm, kte\u0159\u00ed by se VKJ\u010c r\u00e1di z\u00fa\u010dastnili, ale pouze v r\u00e1mci jednodenn\u00edch vyj\u00ed\u017ed\u011bk. Ch\u00e1peme, \u017ee kom\u00edn m\u00e1 ka\u017ed\u00fd jinde, ale v t\u00e9to kategorii c\u00edl\u00edme na bud\u011bj\u010d\u00e1ky. Vrcholy jsou v dojezdn\u00e9 vzd\u00e1lenosti kolem Bud\u011bjc. I s n\u00e1vratem nen\u00ed probl\u00e9m se vej\u00edt do celodenn\u00edho v\u00fdletu. Dokonce je mo\u017en\u00e9 b\u011bhem jedn\u00e9 vyj\u00ed\u017e\u010fky posb\u00edrat n\u011bkolik vrchol\u016f, kter\u00e9 jsme volili tak, aby byly dosa\u017eiteln\u00e9 i pro star\u0161\u00ed d\u011bti. Abychom to je\u0161t\u011b zjednodu\u0161ili, tak na str\u00e1nk\u00e1ch budeme zve\u0159ej\u0148ovat doporu\u010den\u00e9 trasy, kter\u00e9 se ide\u00e1ln\u011b vyhnou silnic\u00edm, ale st\u00e1le budou velice dob\u0159e jeteln\u00e9.<\/p>\n","protected":false},"excerpt":{"rendered":"<p>Z\u00e1kladn\u00ed informace Vrcha\u0159skou korunu Ji\u017en\u00edch \u010cech 2021 z\u00edsk\u00e1 ka\u017ed\u00fd biker, kter\u00fd zdol\u00e1 v obdob\u00ed od 1. dubna do 30. listopadu v\u0161ech 20 p\u0159edepsan\u00fdch vrchol\u016f. Jako d\u016fkaz je t\u0159eba se na ka\u017ed\u00e9m vrcholu vyfotit, ide\u00e1ln\u011b s kolem, a pak poslat v\u0161ech 20 fotografi\u00ed na emailovou adresu vkjc@bknezmar.cz. O po\u0159ad\u00ed bude rozhodovat datum odesl\u00e1n\u00ed fotografi\u00ed. Pro ro\u010dn\u00edk&#8230;<\/p>\n","protected":false},"author":2,"featured_media":0,"parent":0,"menu_order":0,"comment_status":"closed","ping_status":"closed","template":"","meta":[],"_links":{"self":[{"href":"https:\/\/vkjc.bknezmar.cz\/index.php?rest_route=\/wp\/v2\/pages\/2241"}],"collection":[{"href":"https:\/\/vkjc.bknezmar.cz\/index.php?rest_route=\/wp\/v2\/pages"}],"about":[{"href":"https:\/\/vkjc.bknezmar.cz\/index.php?rest_route=\/wp\/v2\/types\/page"}],"author":[{"embeddable":true,"href":"https:\/\/vkjc.bknezmar.cz\/index.php?rest_route=\/wp\/v2\/users\/2"}],"replies":[{"embeddable":true,"href":"https:\/\/vkjc.bknezmar.cz\/index.php?rest_route=%2Fwp%2Fv2%2Fcomments&post=2241"}],"version-history":[{"count":10,"href":"https:\/\/vkjc.bknezmar.cz\/index.php?rest_route=\/wp\/v2\/pages\/2241\/revisions"}],"predecessor-version":[{"id":2484,"href":"https:\/\/vkjc.bknezmar.cz\/index.php?rest_route=\/wp\/v2\/pages\/2241\/revisions\/2484"}],"wp:attachment":[{"href":"https:\/\/vkjc.bknezmar.cz\/index.php?rest_route=%2Fwp%2Fv2%2Fmedia&parent=2241"}],"curies":[{"name":"wp","href":"https:\/\/api.w.org\/{rel}","templated":true}]}}